st common factor of 4375 and 175.
175
What is the greatest common divisor of 4697 and 77?
77
Calculate the greatest common divisor of 18 and 15.
3
Calculate the highest common factor of 1 and 256.
1
What is the greatest common divisor of 28 and 44?
4
What is the greatest common divisor of 108 and 918?
54
Calculate the highest common factor of 4000 and 125.
125
What is the greatest common divisor of 13 and 8736?
13
Calculate the highest common factor of 3540 and 360.
60
Calculate the highest common divisor of 27 and 225.
9
Calculate the greatest common factor of 22 and 517.
11
Calculate the highest common divisor of 84 and 378.
42
Calculate the greatest common divisor of 5139 and 18.
9
Calculate the greatest common divisor of 13665 and 15.
15
Calculate the highest common factor of 50 and 800.
50
What is the greatest common factor of 175 and 300?
25
Calculate the greatest common factor of 30 and 130.
10
What is the highest common divisor of 63 and 231?
21
Calculate the highest common divisor of 940 and 20.
20
Calculate the highest common divisor of 1904 and 112.
112
Calculate the greatest common divisor of 35 and 6335.
35
What is the greatest common factor of 240 and 180?
60
What is the highest common factor of 1258 and 34?
34
Calculate the greatest common factor of 55 and 5555.
55
What is the greatest common factor of 6713 and 49?
49
What is the highest common factor of 2 and 718?
2
What is the highest common factor of 30 and 30?
30
What is the greatest common divisor of 286 and 242?
22
What is the highest common divisor of 819 and 504?
63
What is the highest common factor of 270 and 243?
27
Calculate the greatest common factor of 112 and 80.
16
Calculate the highest common divisor of 128 and 29824.
128
What is the greatest common divisor of 1369 and 37?
37
Calculate the highest common divisor of 189 and 49.
7
What is the greatest common factor of 7358 and 78?
26
Calculate the highest common factor of 68315 and 65.
65
Calculate the highest common factor of 966 and 42.
42
Calculate the greatest common factor of 3 and 1437.
3
Calculate the highest common factor of 60 and 100.
20
Calculate the greatest common divisor of 32 and 35.
1
What is the highest common factor of 286 and 154?
22
What is the greatest common factor of 54 and 171?
9
Calculate the greatest common divisor of 3335 and 10.
5
What is the greatest common factor of 6 and 417?
3
What is the highest common divisor of 11665 and 5?
5
What is the greatest common divisor of 48 and 8896?
16
What is the highest common factor of 7943 and 676?
169
Calculate the highest common divisor of 615 and 96.
3
What is the greatest common factor of 38 and 95?
19
What is the highest common divisor of 378 and 1152?
18
Calculate the highest common divisor of 33 and 2673.
33
What is the greatest common factor of 793 and 13?
13
What is the highest common divisor of 1450 and 450?
50
What is the greatest common factor of 18295 and 10?
5
Calculate the highest common divisor of 20 and 55820.
20
What is the greatest common factor of 1 and 911?
1
What is the highest common factor of 896 and 56?
56
Calculate the greatest common factor of 445 and 15.
5
Calculate the highest common divisor of 245 and 3885.
35
Calculate the greatest common divisor of 1300 and 250.
50
Calculate the greatest common divisor of 826 and 6785.
59
Calculate the highest common divisor of 20 and 210.
10
Calculate the greatest common factor of 34 and 3910.
34
What is the greatest common divisor of 35046 and 396?
198
What is the greatest common divisor of 242 and 165?
11
Calculate the greatest common factor of 774 and 18.
18
Calculate the greatest common factor of 23 and 115.
23
What is the greatest common factor of 185 and 4255?
185
What is the highest common divisor of 95 and 665?
95
What is the highest common divisor of 23923 and 94?
47
Calculate the highest common factor of 3965 and 13.
13
Calculate the highest common factor of 240 and 156.
12
Calculate the highest common factor of 13 and 1196.
13
What is the highest common divisor of 72 and 2232?
72
What is the greatest common factor of 65 and 1105?
65
What is the highest common factor of 798 and 980?
14
What is the highest common divisor of 22 and 26?
2
What is the highest common divisor of 436 and 4?
4
What is the greatest common divisor of 300 and 276?
12
Calculate the highest common factor of 871 and 299.
13
Calculate the highest common divisor of 60 and 70.
10
Calculate the highest common divisor of 11846 and 2.
2
What is the greatest common divisor of 12 and 27?
3
What is the highest common factor of 156 and 338?
26
Calculate the greatest common divisor of 148 and 2.
2
Calculate the highest common factor of 13 and 10413.
13
What is the highest common divisor of 152 and 6270?
38
What is the greatest common factor of 48 and 57?
3
Calculate the greatest common factor of 152 and 228.
76
What is the highest common divisor of 6 and 1362?
6
What is the greatest common divisor of 60 and 15?
15
Calculate the highest common divisor of 62 and 2821.
31
Calculate the greatest common divisor of 286 and 1232.
22
Calculate the highest common factor of 175 and 385.
35
What is the highest common divisor of 220 and 80?
20
What is the greatest common factor of 40 and 14440?
40
Calculate the highest common factor of 28 and 1036.
28
What is the greatest common factor of 774 and 10?
2
What is the highest common factor of 84 and 3948?
84
Calculate the greatest common factor of 6840 and 36.
36
What is the greatest common factor of 171 and 1425?
57
What is the highest common divisor of 6383 and 26?
13
What is the greatest common factor of 121 and 4477?
121
Calculate the highest common factor of 1191 and 12.
3
What is the highest common factor of 311 and 22081?
311
Calculate the greatest common factor of 28 and 108.
4
What is the greatest common divisor of 61 and 122?
61
Calculate the greatest common factor of 3160 and 200.
40
Calculate the highest common factor of 3 and 62.
1
Calculate the highest common divisor of 664 and 8.
8
Calculate the highest common divisor of 1014 and 156.
78
Calculate the highest common divisor of 54 and 270.
54
What is the greatest common factor of 736 and 322?
46
Calculate the greatest common factor of 237 and 395.
79
What is the highest common divisor of 1024 and 96?
32
Calculate the greatest common divisor of 100 and 80.
20
What is the highest common divisor of 196 and 245?
49
Calculate the highest common factor of 207 and 126.
9
What is the highest common divisor of 25 and 4150?
25
Calculate the highest common factor of 1938 and 204.
102
Calculate the greatest common factor of 1541 and 115.
23
What is the highest common factor of 640 and 120?
40
Calculate the greatest common factor of 11961 and 54.
27
Calculate the greatest common divisor of 85 and 51.
17
Calculate the highest common factor of 7056 and 16.
16
What is the highest common divisor of 54 and 243?
27
Calculate the greatest common divisor of 31905 and 45.
45
Calculate the highest common divisor of 210 and 60.
30
What is the highest common divisor of 165 and 1584?
33
Calculate the greatest common factor of 20 and 736.
4
What is the highest common factor of 33 and 6688?
11
Calculate the greatest common factor of 20 and 2424.
4
Calculate the highest common divisor of 774 and 43.
43
Calculate the highest common divisor of 14 and 658.
14
Calculate the greatest common factor of 29120 and 56.
56
What is the greatest common factor of 38726 and 268?
134
What is the highest common divisor of 40 and 1515?
5
What is the highest common factor of 56 and 868?
28
Calculate the highest common factor of 1529 and 973.
139
What is the greatest common divisor of 48 and 2832?
48
What is the greatest common divisor of 16680 and 180?
60
What is the greatest common divisor of 6 and 180?
6
Calculate the greatest common factor of 1537 and 145.
29
Calculate the highest common factor of 312 and 72.
24
What is the greatest common divisor of 464 and 16?
16
Calculate the greatest common divisor of 12312 and 152.
152
What is the highest common factor of 215 and 12685?
215
Calculate the highest common factor of 516 and 78.
6
Calculate the highest common factor of 7 and 7.
7
Calculate the greatest common factor of 805 and 23.
23
Calculate the highest 